f -220 + 178 + 4 + 12?
-26
-12 + 1 - (-12 + -18 - -27)
-8
Calculate 0 + -10 + (-18 - -8) + 15.
-5
19 + -38 - -24 - 11
-6
What is 38 + -57 + -1 + -3?
-23
Evaluate ((8 - -9) + -16 - (1 + -18)) + -2.
16
What is the value of -103 + 89 + 0 + -15 + 1?
-28
What is 1148 + -1141 + 23 + 3 + -1?
32
Calculate -2 + 1 - -8 - (691 - 667).
-17
What is the value of (1 - 8) + (26 - 13 - 18) + 11?
-1
What is the value of (0 - 3 - 0) + (-15 - (10 - 12))?
-16
What is the value of -4 + (12 - -2) + -15?
-5
Calculate 15 - (4 + (-34 - -53)).
-8
What is the value of 2 - (3 - (1 + (6 - 8) + -3))?
-5
4 - (-19 + 11 + -4)
16
What is -6 + (0 + (0 - 8) - -11) + -8?
-11
What is the value of (1 - 6 - 6) + 19?
8
Calculate (-7 - (5 + -15 - -17)) + (2 - -4).
-8
What is (-3 - -13 - 2) + (62 - 56)?
14
Evaluate -34 + 1 + -7 + 53.
13
What is 3 - ((1 - 6) + 6 - (-4 + 1))?
-1
Calculate 5 + (2 - 3) + -8 + 2.
-2
What is the value of -5 + 0 - (-7 + 1 + (-1 - -14))?
-12
What is (6 - -1) + 2 + (-8 - (3 - 15))?
13
(-13 - 10) + 13 + -10 + -3
-23
What is the value of 7 + 7 + -56 - (-5 + -6)?
-31
Evaluate 9 - 35 - (-2 - 14).
-10
What is the value of -8 + 2 + (-9 - (4 + 5 + 1))?
-25
What is the value of (-6 - (6 + (-17 - -8))) + 32?
29
Evaluate 4 + -1 + 0 + -18.
-15
Evaluate -13 + (12 - (-20 - -15)).
4
(5 + 8 - 20) + -3 + -1
-11
Calculate -15 + -17 + 33 + -18.
-17
What is the value of (-1 - -5) + 30 + -95 + 41?
-20
What is the value of (-3 - (-2 + 1)) + (16 - 17)?
-3
What is the value of -4 + (-3 - -1) + (-2 - -5 - 3)?
-6
7 - (-1 + (-8 - -2) + 3)
11
Calculate -4 + -2 + (-3 + -13 - -8).
-14
-5 + 0 - (-17 - 0 - -24 - 15)
3
Calculate (-12 - 0) + 3 + 2 + -6.
-13
Evaluate (-51 - -34) + 12 + 2.
-3
Calculate 388 + -378 - (-1 - -14).
-3
What is (14 - 10 - 5) + (-1 - -7) - 11?
-6
What is the value of (-2 - (-6 - 1) - -7) + 42 + -30?
24
Evaluate 0 + -12 + 48 + -68.
-32
What is the value of 25 - (4 - (-4 - (10 + -17))) - 1?
23
What is -6 + 6 + 0 + (-2 - 9)?
-11
What is the value of (-9 - 2) + -3 + 10 - (8 + 0)?
-12
What is -9 + -1 + (-1 - (3 + 0 + -2))?
-12
-14 + 32 + -15 - 10
-7
Evaluate 15 + (1 - -41) + -31.
26
Evaluate -2 + 18 + (-12 - 6).
-2
What is 20 + 10 + -20 + -11?
-1
Evaluate (-25 - -3) + (-2 - -5 - -6).
-13
Calculate 7 + -9 + (-10 - (11 - 6)).
-17
Evaluate 6 + 1 - (-1328 + 1358).
-23
What is (-38 - (-1 - -5)) + -30 + 50?
-22
What is the value of 12 - (5 + 2 + 8)?
-3
What is the value of 33 + (-4 - ((-9 - -4) + 20))?
14
What is -96 + 117 + -23 + 0?
-2
(1 + 1 - -1) + (64 - (-12 - -69))
10
Calculate -1 + -1 + -8 + 22 + -2.
10
Calculate -3 + (-16 - -16 - (4 + 0 - 19)).
12
What is 0 - 2 - -15 - (603 - 618)?
28
7 - -1 - (9 - 1 - -1 - -4)
-5
What is the value of 35 + -28 + (-14 - 0)?
-7
What is the value of 9 - (-1 + (-3 - -9))?
4
Evaluate 20 + (-14 - (-8 + 3)).
11
Calculate 0 - 0 - 1 - (1157 + -1164).
6
Evaluate -15 + -17 + 30 + 7.
5
Calculate 2 + (-7 - (2 - 0) - (1 + 12)).
-20
What is -6 + 0 - ((-5 - -9) + -6 - 5)?
1
Calculate (1 - (-9 + 19 + 6)) + -1.
-16
Calculate -22 + (-19 - -38 - 0).
-3
(-13 - -22) + 1 + 12 + -20
2
Evaluate 8 - (-3 - -10 - (9 - (-3 + -2))).
15
Evaluate (18 - 35) + (-3 - -4 - -3 - 0).
-13
What is -37 + 5 - (87 - 124)?
5
Calculate 6 - 5 - (23 + -18 + -11).
7
What is (-11 - (5 - 5)) + -6 + 50?
33
What is (1 - (6 + -2) - 2) + -10 + 27?
12
Evaluate -19 + (-2 - ((-3 - -8) + -10) - 8).
-24
What is (0 - -3) + 0 + 4 + (20 - 7)?
20
Evaluate (-1 - 25) + -9 + 4 + 3 - -8.
-20
What is the value of (-27 - -32) + -1 + 0 + 3 - 7?
0
What is the value of 1 + -2 - (-2 + (8 - (9 - -7)))?
9
What is the value of 1 + 4 - ((9 + 0 - -8) + -1)?
-11
What is -3 - (-10 + (-10 - -9) - 4)?
12
What is 11 + 19 + -30 + -8?
-8
What is the value of -11 + 19 - (2 + (-1 - -18)) - -6?
-5
What is the value of -21 + 41 + -5 + 4 + -4 + 2?
17
Calculate -3 + 4 - (13 - -8) - -1.
-19
Calculate 10 - ((-7 - -17) + 16).
-16
0 - (6 + -1) - ((-26 - 9) + 24)
6
9 - -11 - (-39 - -37 - (-8 - 0))
14
Calculate 6 + (-5 - (-8 - -2) - 0).
7
Calculate 1 + 10 + 243 + -253.
1
What is the value of -10 - (-4 - -4 - -12) - -13?
-9
Evaluate 0 - (0 - -6) - (-69 + 68).
-5
Calculate -7 + -1 + 2 + -6 + (4 - 7).
-15
What is (-1 + 10 - 2) + -3 - (12 + 6)?
-14
35 + (-12 - 37) + -1
-15
Calculate -1 + (19 - 10) + -15 + 1 + 2.
-4
What is 2 + (2 + (-6 - -1) - 4) + -11?
-16
(-10 - (-4 - 2)) + -55 + 38
-21
What is -14 - (62 + -80 - (-1 + 15))?
18
Evaluate -33 + 9 + 0 + 12 + 6 + -18.
-24
What is 0 + 2 - 4 - (-5 - (15 + -21))?
-3
Evaluate 11 - (-6 - (-24 - -11 - -8)).
12
Evaluate -1 + (-2 - (-1 + -3 + 4 - 6)).
3
What is the value of -3 + (1 - (-4 + 6 + 1))?
-5
Calculate -4 - (-2 + -1 + -8 + 4 + -3).
6
Evaluate 5 - -1 - (13 + 2 + (-5 - -2)).
-6
-1 - (-4 + -2) - (-5 - -4)
6
What is the value of -2 + 16 + -16 + 0?
-2
Evaluate 16 - (2 + (2 - 5) - (-4 + -2)).
11
(-6 - -1) + 0 + (17 - 11)
1
What is -27 - (-14 + -39) - -1?
27
What is 3 - ((15 - 5) + (-6 - 2))?
1
-9 + 9 + 22 + (-12 - (2 - 3))
11
Calculate -24 + 15 - (-36 - -52).
-25
-21 + -8 + 22 - (1 - 21)
13
What is (20 - 17 - 23) + 4?
-16
What is the value of (7 + -1 + 0 - -1) + (-248 - -219)?
-22
(-1 + 26 - 28) + 3 + 2
2
Evaluate -24 + (-29 - -45) + -15.
-23
What is -4 - ((3 - 1) + 3 + -3 + -10)?
4
0 - 1 - (-1 - -5 - (36 - 34))
-3
Evaluate ((-13 - -9) + -8 - 6) + 8.
-10
Evaluate -4 - (-7 + -12 - -18).
-3
Evaluate -22 - ((-21 - -12) + -24).
11
What is the value of 0 + 12 + -134 + 140?
18
What is the value of 0 + -58 - -27 - -5?
-26
What is the value of 4 + 1 - (41 - 21)?
-15
Evaluate (-12 - (8 - 5)) + (4 - -1).
-10
-4 + ((13 - 11) + -2 - (0 + 1))
-5
What is the value of -4 + -7 + -9 + 10 + -2?
-12
11 + 0 - (14 - (-2 - -10)) - 7
-2
-8 + (9 - (-9 + 23 + -11)) - -22
20
Evaluate -48 + 49 + (5 - (1 - 2 - 1)).
8
Calculate -5 - (-8 + 13 + (2 - 19) + -1).
8
Evaluate -6 + -6 + 15 + (-34 - -33).
2
Calculate -6 - (-10 + 1 - (-5 + 10 + 2)).
10
What is the value of 6 - (27 - (-3 - -32))?
8
What is 9 + (-13 - -11 - 4)?
3
Evaluate (-4 - (-3 - -6)) + 9 + -19 + 15.
-2
Evaluate 29 + -16 + 10 + -4 + 7 + -4.
22
What is the value of (2 - 0) + -1 - (3 - (-12 + 8))?
-6
0 + 2 + 11 + -2 + -10 + -4
-3
-32 + 9 - (-3 + 3 - 9)
-14
What is the value of -6 + (-3 - ((-8 + 10 - 14) + 4))?
-1
Evaluate -18 - 6 - -19 - -2.
-3
What is the value of 16 + (-1 - 6) + -16?
-7
0 + 1 - (31 + -40)
10
Calculate 4 - (34 + 0 + -61).
31
What is 14 + -31 + 4 - (-45 - -1)?
31
Calculate -2 - (-6 - (-4 + 2 + 1)).
3
What is the value of (-4 - (-35 - -27)) + (-2 - 2)?
0
Evaluate -8 + 0 - ((-2 - (0 + -3)) + -29).
20
What is -13 + 28 - (-20 - -15)?
20
What is the value of -29 + (-18 - -47) + 3 + -2 + 15?
16
Evaluate -17 + (28 + -48 - -52).
15
What is the value of (-11 + -14 - -10) + 18?
3
Evaluate -13 + 24 + (-7 - 1) + 6.
9
What is the value of (-19 + 25 - (2 - -3)) + -7 - 15?
-21
Calculate 13 + (1 - -13 - (-139 - -168)).
-2
Evaluate 60 - 13 - 23 - 38.
-14
What is -39 + (-16 - (-36 - 11))?
-8
Evaluate (13 + -7 - -10) + (-68 - -63).
11
-12 + 22 + (5 - 37)
-22
(7 - -6) + (-2 + 13 - 19)
5
Calculate 0 - (80 + -72 - (9 - 3)).
-2
Evaluate 2 + (17 + -33 - -27) - -2.
15
Calculate -4 + 1 - (-14 + (-14 - 2)).
27
What is the value of -22 + (25 - 11) + 14?
6
Calculate 24 + (-10 - (22 - -4)).
-12
Evaluate 10 - ((9 - -2) + -5 - (21 + -19)).
6
Calculate -5 + 2 + -45 + 75.
27
0 + 12 + (-4 + 37 - (-22 - -37))
30
What is -9 + (11 - 6) + 1 + -7?
-10
What is the value of 12 - ((8 - -3 - 11) + 4)?
8
What is (-9 - -2) + 6 - 6?
-7
What is the value of (13 - (-8 - 16)) + -53?
-16
What is the value of -12 + 7 + -3 + (-4 - 2)?
-14
0 + 12 + (3 - -3 - 9) + 0
9
Evaluate (-4 + 6 - 7) + (6 - 4) + 4.
1
Evaluate -9 + 4 + (-1 - (-16 + 13)).
-3
(609 - 650) + 21 + -1
-21
Evaluate (5 - 1) + (-7 - (-16 - -11)) + 1.
3
What is -8 - (1 + (-8 - -11) + -1)?
-11
What is the value of -7 + (-9 - (16 - 29))?
-3
(-23 - -41) + -27 - (0 + -7 - -1)
-3
1 + -9 + 21 + -15 + 1 + 9
8
22 + -29 + -3 + (-3 - (0 - 0))
-13
Calculate 10 + -31 + (-7 + 11 - -10 - 6).
-13
What is -5 - -40 - 10 - 11?
14
What is the value of -12 - (-4 - -1) - (-11 + 14)?
-12
What is (-5 - 3) + 12 + -11?
-7
What is the value of -9 + -1 - (-284 + 254)?
20
What is 1 + -4 + (-37 - -42) - 13?
-11
Evaluate -1 - -26 - (22 - 1).
4
(-5 + -3 - (47 - 65)) + (-1 - -4)
13
What is -49 + -1 - (95 - 130)?
-15
What is (2 - (8 + (4 - 5))) + 1 + 10?
6
Evaluate (-20 -